3
Calculate the greatest common factor of 14508 and 31.
31
Calculate the highest common factor of 87 and 18328.
29
Calculate the highest common divisor of 91 and 14105.
91
Calculate the highest common divisor of 495 and 9.
9
Calculate the greatest common divisor of 8947 and 23.
23
Calculate the greatest common divisor of 3136 and 64.
64
Calculate the highest common divisor of 588 and 12.
12
Calculate the highest common divisor of 9 and 111.
3
Calculate the greatest common factor of 553 and 158.
79
Calculate the highest common divisor of 574 and 3936.
82
What is the highest common factor of 44180 and 20?
20
Calculate the highest common factor of 119 and 756.
7
What is the greatest common factor of 544 and 32?
32
What is the highest common divisor of 31056 and 48?
48
What is the highest common factor of 46 and 391?
23
Calculate the highest common divisor of 45 and 165.
15
Calculate the highest common divisor of 64 and 172.
4
What is the highest common divisor of 265 and 4717?
53
What is the greatest common divisor of 16 and 34?
2
What is the highest common divisor of 89 and 7654?
89
Calculate the highest common divisor of 819 and 234.
117
What is the greatest common factor of 69 and 23?
23
Calculate the greatest common divisor of 36 and 162.
18
What is the greatest common factor of 178 and 801?
89
Calculate the greatest common divisor of 48 and 672.
48
What is the highest common divisor of 18 and 144?
18
What is the highest common factor of 228 and 6?
6
What is the greatest common factor of 153 and 102?
51
Calculate the highest common divisor of 1305 and 1160.
145
What is the greatest common factor of 3 and 21?
3
Calculate the highest common factor of 12 and 1152.
12
What is the highest common factor of 852 and 24?
12
What is the highest common factor of 3561 and 12?
3
What is the highest common divisor of 32 and 376?
8
What is the greatest common divisor of 621 and 69?
69
What is the greatest common divisor of 361 and 627?
19
What is the greatest common divisor of 442 and 374?
34
Calculate the highest common divisor of 66 and 192.
6
What is the highest common divisor of 172 and 387?
43
What is the greatest common factor of 1024 and 8?
8
What is the greatest common divisor of 1188 and 176?
44
Calculate the greatest common divisor of 8281 and 676.
169
Calculate the greatest common divisor of 1356 and 12.
12
Calculate the highest common divisor of 31 and 775.
31
Calculate the highest common divisor of 138 and 264.
6
What is the greatest common factor of 119 and 17?
17
Calculate the highest common factor of 1719 and 3629.
191
What is the greatest common factor of 129 and 301?
43
Calculate the highest common factor of 76 and 38.
38
What is the highest common divisor of 465 and 45?
15
Calculate the greatest common divisor of 384 and 3792.
48
What is the greatest common factor of 76 and 100?
4
What is the highest common divisor of 120 and 1140?
60
What is the greatest common divisor of 36 and 126?
18
Calculate the greatest common divisor of 204 and 17901.
51
What is the greatest common divisor of 17993 and 38?
19
What is the greatest common divisor of 2590 and 70?
70
What is the highest common factor of 256 and 16?
16
Calculate the highest common factor of 7 and 185.
1
Calculate the greatest common divisor of 525 and 735.
105
What is the greatest common factor of 598 and 130?
26
What is the highest common factor of 27 and 51?
3
Calculate the highest common divisor of 1541 and 67.
67
Calculate the highest common divisor of 156 and 18057.
39
What is the highest common factor of 8 and 100?
4
Calculate the greatest common factor of 195 and 650.
65
What is the highest common divisor of 864 and 32?
32
Calculate the highest common factor of 888 and 744.
24
What is the highest common divisor of 322 and 168?
14
What is the highest common divisor of 39 and 975?
39
Calculate the greatest common divisor of 25 and 8025.
25
What is the greatest common factor of 1092 and 84?
84
Calculate the highest common factor of 80 and 5.
5
What is the highest common divisor of 8 and 152?
8
Calculate the greatest common factor of 196 and 252.
28
Calculate the highest common factor of 195 and 405.
15
Calculate the greatest common divisor of 4 and 199.
1
Calculate the highest common divisor of 721 and 21.
7
Calculate the greatest common divisor of 10 and 3670.
10
What is the highest common factor of 117 and 4732?
13
Calculate the greatest common divisor of 134 and 135206.
134
Calculate the greatest common divisor of 279 and 81.
9
What is the highest common factor of 30 and 16635?
15
What is the highest common divisor of 228 and 171?
57
Calculate the highest common divisor of 369 and 2255.
41
What is the highest common factor of 12 and 2028?
12
What is the highest common divisor of 44 and 4?
4
Calculate the highest common divisor of 27 and 396.
9
Calculate the highest common divisor of 13 and 832.
13
Calculate the highest common divisor of 2 and 166.
2
What is the greatest common factor of 1210 and 20?
10
Calculate the greatest common divisor of 90 and 11310.
30
Calculate the greatest common divisor of 106 and 10547.
53
Calculate the greatest common divisor of 3172 and 52.
52
Calculate the greatest common divisor of 760 and 40.
40
What is the greatest common divisor of 19 and 627?
19
Calculate the greatest common divisor of 3692 and 26.
26
What is the highest common divisor of 1273 and 57?
19
Calculate the highest common factor of 216 and 48.
24
Calculate the greatest common divisor of 8579 and 23.
23
What is the greatest common divisor of 2164 and 4?
4
What is the greatest common factor of 77 and 6776?
77
What is the highest common factor of 18 and 234?
18
Calculate the highest common factor of 4830 and 660.
30
Calculate the greatest common factor of 16 and 22.
2
Calculate the highest common divisor of 2120 and 64.
8
What is the highest common factor of 52 and 5486?
26
What is the highest common factor of 640 and 35?
5
Calculate the greatest common factor of 1897 and 14.
7
What is the greatest common factor of 80 and 64?
16
What is the greatest common factor of 1260 and 875?
35
Calculate the greatest common divisor of 255 and 43605.
255
Calculate the highest common divisor of 4035 and 15.
15
Calculate the greatest common factor of 1239 and 42.
21
Calculate the greatest common factor of 88 and 1045.
11
Calculate the greatest common factor of 561 and 429.
33
What is the highest common divisor of 9 and 28413?
9
What is the greatest common factor of 1600 and 128?
64
What is the highest common divisor of 58 and 406?
58
What is the highest common divisor of 6 and 162?
6
What is the highest common divisor of 135 and 7317?
27
What is the highest common factor of 2590 and 700?
70
Calculate the highest common factor of 112 and 48.
16
Calculate the highest common factor of 44 and 196.
4
What is the greatest common factor of 40 and 60?
20
What is the highest common divisor of 75 and 35100?
75
What is the highest common divisor of 266 and 1162?
14
What is the highest common factor of 18 and 234?
18
Calculate the highest common divisor of 20 and 45.
5
Calculate the highest common divisor of 45 and 81.
9
What is the highest common factor of 279 and 155?
31
Calculate the highest common divisor of 1173 and 253.
23
Calculate the highest common divisor of 534 and 42.
6
Calculate the highest common divisor of 108 and 18.
18
What is the greatest common factor of 37 and 17723?
37
What is the highest common divisor of 27 and 621?
27
Calculate the highest common divisor of 1768 and 102.
34
Calculate the greatest common factor of 279 and 248.
31
What is the greatest common factor of 95 and 5149?
19
Calculate the greatest common divisor of 120 and 170.
10
What is the highest common factor of 1469 and 113?
113
What is the highest common factor of 39 and 1456?
13
What is the greatest common factor of 96 and 352?
32
Calculate the greatest common factor of 856 and 24.
8
What is the greatest common factor of 702 and 78?
78
What is the highest common factor of 682 and 341?
341
What is the greatest common divisor of 1498 and 14?
14
Calculate the greatest common factor of 1545 and 15.
15
Calculate the highest common factor of 128 and 144.
16
What is the greatest common divisor of 611 and 13?
13
What is the gr